6. Let f = g + -105. Let c = -22 - f. What is the units digit of c?
9
Let f = -181 - -371. What is the hundreds digit of f?
1
Let k = 20 + -6. What is the units digit of k?
4
Let m = 28 - 13. What is the units digit of (-81)/(-15) - 6/m?
5
Let h(y) = y**3 + 7*y**2 - 2*y - 9. Let t be h(-7). Suppose 0*f - t*f = -90. What is the tens digit of f?
1
Suppose -2*w = 2*w + 24. What is the units digit of w/(2/1 + -3)?
6
Suppose 3*g + 4 - 17 = 5*b, -5*b + 4*g = 14. Let i(n) = 3 + 3 + 2*n**2 - 4. What is the units digit of i(b)?
0
Let g = 0 - -1. Let o = 14 - g. What is the units digit of o?
3
Suppose -w - w + u = -215, -w - 4*u = -103. What is the hundreds digit of w?
1
Let w be (-2 + 3)*(-10 - -1). Let k = 1 - w. What is the tens digit of k?
1
Suppose 0 = 3*g - 12 + 3. Let n = g + 11. Suppose -3*k + n = -k. What is the units digit of k?
7
Let l be (-2)/(-5) - 189/(-15). Suppose -4*h - l = 67. Let u = -13 - h. What is the units digit of u?
7
What is the units digit of (-39 - -1)*((-20)/8 + 1)?
7
Let y = 73 + 79. What is the hundreds digit of y?
1
Let d be ((-6)/5)/(14/35). Let g be 38/(-6) - (-1)/3. Let k = d - g. What is the units digit of k?
3
What is the units digit of ((-168)/16)/(1/(-2))?
1
Let j = -7 + 13. What is the units digit of 11*3/j*2?
1
Let d(b) = 2*b + 1. What is the units digit of d(0)?
1
Let n be -2*3/6*1. Let s(w) = -14*w**3 - 2*w**2 + 1. What is the tens digit of s(n)?
1
Let u(x) = x**3 - 10*x**2 + 13*x + 2. What is the tens digit of u(9)?
3
Let c be (5/(-2))/((-9)/18). Let s = c + -1. What is the units digit of s?
4
Suppose 2*x - 44 = 46. What is the tens digit of x?
4
Let q(v) be the second derivative of v**3 - v**2/2 + v. What is the units digit of q(1)?
5
Let r = 245 + -154. What is the units digit of r?
1
Let i be 19*(-3 - -2 - -2). What is the units digit of i + 2 - (-2 + 2)?
1
Suppose 18 = 2*t - 6. What is the units digit of t?
2
Let z be 2/4 + (-30)/4. Let x = 15 + z. What is the units digit of (2/x)/(2/8)?
1
Let q(p) = -p. Let b be -3 - (2 - -1)/(-1). Suppose -6 + b = 2*i. What is the units digit of q(i)?
3
Let a = -120 + 431. What is the hundreds digit of a?
3
Suppose 35*r - 33*r = 74. What is the tens digit of r?
3
Let b = 292 - 191. What is the units digit of b?
1
Suppose o = -5*b + 32, 5*b - 8 = -4*o + 105. What is the tens digit of o?
2
Suppose r + 66 - 6 = 4*t, 3*r = t - 4. What is the tens digit of 69/3 - t/4?
1
Suppose -3*z - 3*q = -30, 0 = 2*z + 3*z + 3*q - 44. What is the units digit of z?
7
Suppose 5*f + h = 328, 4*f - 2*h = -7*h + 275. What is the tens digit of f?
6
Suppose 0 = 2*t + h - 7, -5*t + 15 = -t + 3*h. Suppose t = -v - 1. Let z = v - -8. What is the units digit of z?
4
Let u = 2 - 1. Let c = 9 + u. What is the units digit of c?
0
Let i(x) = -11*x**2 + 5*x + 0*x**3 + 5 + 2 - x**3. Let u(m) = 2*m**3 + 23*m**2 - 11*m - 15. Let d(f) = -13*i(f) - 6*u(f). What is the units digit of d(-4)?
1
Let w = 287 - 114. What is the tens digit of w?
7
Let p be -3 - 14/(-2) - 0. Suppose 2 = -p*w + 46. What is the tens digit of w?
1
Let t be (-2 - -7) + (1 - 3). Suppose t*c - 54 - 6 = 0. What is the units digit of c?
0
Suppose 7*i = -648 + 2720. What is the hundreds digit of i?
2
Suppose 2*o = g - 2*o - 24, g - 3*o - 21 = 0. Let w be 11/3 + (-3)/(-9). Let f = g - w. What is the units digit of f?
8
Let y(j) = 2*j + 2. What is the units digit of y(3)?
8
Suppose -2626 = -23*s + 6045. What is the hundreds digit of s?
3
Let z be -10*(-1)/2 - 1. Suppose z*y - 48 = -y + k, 5*y - 3*k = 54. What is the units digit of y?
9
Suppose 0 = -2*t - 0*t. Suppose -4*g + 3*g + 2 = t. Suppose -2*w = -w - g. What is the units digit of w?
2
Let z(s) = 3*s - 8. Suppose -t = -4*t + 12. What is the units digit of z(t)?
4
Suppose -41*h = -42*h. Suppose -5*d = -13 - 2. Suppose -4*j + 5*g = -49, d*j + 5*g - 3*g - 31 = h. What is the tens digit of j?
1
Let v = 0 + 5. Suppose -42 = 2*k - v*k. What is the tens digit of k?
1
Let x be 3*1 + (1 - 0). Suppose -28 = -3*w + 3*p + 2*p, 5*p = -5*w + 100. Suppose -2*q = -x*q + w. What is the units digit of q?
8
Suppose 3*d + 1 = 4*h - 7, -31 = -4*d - 3*h. Suppose -5*u + w + 90 = 5*w, 0 = 4*u - d*w - 108. What is the tens digit of u?
2
What is the tens digit of (-288)/(-7) + 4/(-28)?
4
Suppose 3*g - 969 = -195. What is the hundreds digit of g?
2
Let z(s) = 2*s + 25. What is the tens digit of z(7)?
3
Let m(f) = -3*f**3 - 3*f**2 + 1. Let p(r) = -3*r**2 + 1. Let d be p(-1). What is the units digit of m(d)?
3
What is the units digit of -18*(4/(-2))/(10/5)?
8
Suppose 3*f - 5*f = -162. What is the tens digit of f?
8
Let m(t) = t + 4. Suppose 0 = -4*d + 2*d. What is the units digit of m(d)?
4
Let s = 184 - 59. What is the units digit of s?
5
Suppose 11 = 2*r + 1. Suppose r*o = 9*o - 8. What is the units digit of o?
2
Suppose 14*z - 558 = 8*z. What is the units digit of z?
3
Suppose -3*o = 4*m + 43, -4*m = 5*o + 37 + 8. Let r = m - -52. What is the units digit of r?
2
Let f(t) = 6 + 0*t + 3*t + 2*t - 3*t**2 + 4*t**2. What is the tens digit of f(-8)?
3
What is the tens digit of (0 + 1)/((-6)/(-132))?
2
Let m = 957 - 620. What is the tens digit of m?
3
Suppose 0*c - 5*c + 130 = 0. What is the tens digit of c?
2
Let t(f) = 7*f**2 + 2*f + 1. Suppose -4 = -2*y - o, -y + 3*o + 18 = 3*y. Suppose -y*x - 2 - 13 = 0, x = 4*b - 1. What is the units digit of t(b)?
6
Let q be (-2 + 5)*(-92)/(-6). Suppose -4*t = -2*c - q, -3*c + 64 = 4*t + c. What is the tens digit of t?
1
Let v be (0 - -1)/((-5)/(-20)). Suppose 5*m + v = 3*m. Let j = 1 - m. What is the units digit of j?
3
Suppose 0 = 2*p - 3*p + 1. Let j = p - -57. What is the tens digit of j?
5
Suppose -1521 = -6*r - 3*r. What is the hundreds digit of r?
1
Let q(u) = -66*u + 2. What is the hundreds digit of q(-2)?
1
Let d(f) be the first derivative of -f**3/3 - f - 2. Let o(w) = -5*w**2 - 6*w. Let t(x) = -6*d(x) + o(x). What is the units digit of t(6)?
6
What is the units digit of (-66 - -60)/(1*(-2)/91)?
3
Let t = -3 + -1. Let o be t/(-10) + (-12)/(-20). What is the units digit of (1 + o)/(-3 - -5)?
1
Let i = -2 - 9. Let a = i - -23. What is the units digit of a?
2
Let b = -4 + 7. Suppose -b*a + 8 = a. What is the units digit of a?
2
Let u = 111 - 63. Suppose 3*t - u = -6. What is the units digit of t?
4
What is the hundreds digit of 581/2 + 15/(-30)?
2
Let a(k) = 2*k + 31. What is the tens digit of a(0)?
3
Suppose 0 = 2*n - 55 + 3. Suppose -3*b + 2*b = -n. What is the tens digit of b?
2
Let z be -3 - ((1 - -1) + -31). What is the units digit of (z - 4) + 1 + -4?
9
Let b(f) = -f**3 - 11*f**2 - 13*f + 6. What is the tens digit of b(-10)?
3
Suppose -3*z = -5*a + 389, -2*z = 2*a + 40 - 186. What is the units digit of a?
6
Let o(q) = -15*q**3 + 15*q**2 + 4*q - 11. Let x(b) = -8*b**3 + 7*b**2 + 2*b - 5. Let p(a) = -6*o(a) + 13*x(a). What is the units digit of p(-1)?
4
What is the tens digit of (-2 + -2)*(-825)/60?
5
Suppose 0 = -3*m + 602 - 62. Suppose 0 = 5*z - 5*t - m, -3*z - t - 70 = -5*z. What is the tens digit of z?
3
Let y(o) = -o**2 + 9*o - 11. Let h be y(8). Let s be 1 - (0 + h/(-3)). Suppose 3*i - 3 = -s*i. What is the units digit of i?
1
Suppose 3*k - 5*k - 34 = -2*x, 67 = -5*k - x. What is the units digit of 12/14*k/(-2)?
6
Suppose 0 = 4*d - 5*h + 28, 3*h + 40 = -4*d + 5*h. What is the units digit of 21*(d/(-9) - 1)?
7
Suppose c = -c. Suppose 0 = r - 0*r - t, t - 3 = c. What is the units digit of r?
3
Let a(j) = -j**3 + 5*j**2 + 6*j + 14. What is the tens digit of a(6)?
1
Let h = 62 - 50. What is the tens digit of h?
1
Let h(g) = g + 3*g**3 + g**3 + 0 - 1 + 6*g**2 - 3*g**3. Let p be h(-5). Suppose -4*u = -25 - p. What is the tens digit of u?
1
Let i be (3 + -4)/((-1)/2). Suppose i*c + 20 = 2*p, -6*p + c = -2*p - 34. What is the units digit of p?
8
Suppose 5*y = 3*y + 24. Let a = y + 2. What is the tens digit of a?
1
Suppose -15*r + 2026 = 481. What is the units digit of r?
3
Let y(b) = 3*b**2 - 3. Let c be y(-3). Let d = -4 + 6. Suppose -2*s - d*g + c = 2*s, -s - 5*g = 3. What is the units digit of s?
7
Let s be ((-51)/(-12) - 4)*36. Let g = s + 9. What is the tens digit of g?
1
Let d be (3 - 4) + -2 + 4. Let v(c) = c - d + c - 3. What is the units digit of v(3)?
2
Let l = 0 - -3. Suppose l*u + 16 = 91. What is the tens digit of u?
2
Let g(t) = -3*t**2 - 11*t - 3. Let f(d